(n) - 2*u(n). Calculate x(4).
21
Let w(u) = -2*u**3 - 3*u**2. Let i = 5831 - 5828. Determine w(i).
-81
Let s(k) be the second derivative of 1/12*k**4 - 9/2*k**2 - 4/3*k**3 + 0 + 26*k. Let l(x) be the first derivative of s(x). Give l(7).
6
Let y(h) be the first derivative of 9*h**2 - 3*h + 951. Determine y(3).
51
Let r(u) = -11*u**3 + 6*u**2 - 11*u - 9. Let i(b) = -13*b**3 + 6*b**2 - 12*b - 10. Let w(o) = -5*i(o) + 6*r(o). Calculate w(4).
4
Let g(m) = -m - 47. Let r(p) = 2*p**3 - 122*p**2 - 4*p + 236. Let y be r(61). What is g(y)?
-39
Suppose -b - t + 2 = 3, -4*b - t = 19. Let l = -11 - b. Let i(g) be the second derivative of g**5/20 + g**4/2 + g**3 - 3*g**2 - 2*g. What is i(l)?
-11
Let o(b) = b**2 + 8*b - 12. Let j be 4/(-16) - ((-211)/(-4) + -2). Let g be (60/(-7))/(14/98). Let n = g - j. What is o(n)?
-3
Let s(o) = 33*o - 99*o + 32*o + 35*o + 7 + 7. Suppose -19 = 2*h - 3*u - 1, -3*h + u = 13. Let g = 3 + h. Give s(g).
14
Let k(r) = -r - 115*r**2 + 0*r**3 + 243*r**2 + r**3 - 120*r**2 - 2. Let w = -10197 - -10189. Calculate k(w).
6
Let s = 259 + -251. Let k(g) = s - 4*g - 3*g - 4 + 5*g. What is k(3)?
-2
Let o(k) be the first derivative of -k**4/4 - 10*k**3/3 + k**2 + 19*k - 1. Suppose 82*u - 46*u - 22*u = -140. Calculate o(u).
-1
Let u(q) = 2*q + 4. Suppose -c + 2 - 1 = 0, 3*c = f + 3. Suppose 3*j + 13*j - 1248 = f. Let k be (j/(-12) + 3)/((-1)/(-2)). Give u(k).
-10
Let d be -2 + (-1392)/9 + 12/18. Let g = d + 152. Let z(t) = -t + 5. Give z(g).
9
Let j(h) = 39 - 7*h + 29*h + 23*h**2 - 213723*h**3 + 213722*h**3. What is j(24)?
-9
Suppose x - 4*o + 13 = 0, -3*x - x - 2*o + 38 = 0. Let t(u) = -4872*u**2 - 8 + 3*u + 11*u + 4878*u**2 - 3*u - u**3. Calculate t(x).
20
Let k = 7188 + -7173. Let n(v) = -3*v**2 + 48*v - 35. Calculate n(k).
10
Let o(k) = k**2 - 12*k + 39. Let s be o(7). Let g(q) = q**3 - 5*q**2 + 3*q + 6. Let v be g(s). Let m(y) = -11*y + 6 + v*y - 6 + y**2. Determine m(7).
-14
Let n(z) = 19*z**3 + 8*z**2 + 21*z + 27. Let r(o) = 8*o**3 + 3*o**2 + 10*o + 13. Let s(v) = 3*n(v) - 7*r(v). Determine s(-4).
2
Let i(y) be the second derivative of y**4/12 - 4*y**3/3 + 3*y**2 - 43*y + 27. Let k be (-9)/36 + (-58)/(-8). Give i(k).
-1
Suppose -4*b - 36 = 4*y, -6*b + 2*y - 18 = -5*b. Let s(h) = -h**2 - 13*h - 17. Give s(b).
-5
Let x(b) be the third derivative of b**8/1680 - b**6/180 + b**5/40 + b**4/24 - 4*b**3 - 101*b**2. Let w(h) be the second derivative of x(h). What is w(2)?
27
Let z(q) = -4*q**3 + 7. Let k be ((0 - 4) + -5)*-1. Let o(d) = -326*d + d**2 + 15 + 0*d**2 + 325*d - k*d**3. Let h(g) = 3*o(g) - 7*z(g). What is h(-4)?
-8
Let u(j) = -24*j + 14*j + 11*j + 4. Let x = 509 - 504. Calculate u(x).
9
Suppose -4*k - 2*l = -4, -55*l = -k - 68*l + 51. Let o(q) = -q**2 + 5*q + 3. Let w be o(5). Let i(u) = 9*u**3 + w*u**3 - 1 + 0. Give i(k).
-13
Let w(v) = v**3 + 2*v**2 - 9*v + 6. Let d be w(2). Let i be (-1 + d)/(-3) + 2*1. Let z(x) = 3*x**3 - x. Give z(i).
2
Let x(p) = -p**3 - 8*p**2 + 8*p - 18. Suppose a + 37*i + 13 = 35*i, 3*a - 3*i + 21 = 0. Determine x(a).
-9
Let a(o) be the second derivative of -o**5/20 - 3*o**4/4 - o**3/6 - 4*o**2 + 44960*o. Let l(q) = -q**3 - 6*q**2 - 5*q + 3. Let b be l(-4). Determine a(b).
1
Let o(f) be the third derivative of -11/6*f**3 + 0*f + 0 - 7*f**2 + 1/24*f**4. Let y = -533 - -540. Calculate o(y).
-4
Let n = 40020 - 40014. Let x(z) = -3*z**2 - z - 15. Determine x(n).
-129
Let f = -7910 + 7931. Let x(u) = -u + 30. What is x(f)?
9
Let g(l) = 4*l - 142 + 235 - 110 - 137. Calculate g(32).
-26
Suppose 26*v = -32 - 124. Let j(x) = -x - 10. Calculate j(v).
-4
Let o(r) = r**3 - r**2 - 14*r + 12. Suppose 23*a + 3 - 118 = 0. Give o(a).
42
Let p(w) = 4*w**2 + 7*w + 5. Let o(l) = -l**2 - 2*l - 1. Let r(t) = 9*o(t) + 2*p(t). Let x(a) = a - 5. Let u = -7 + 9. Let c be x(u). What is r(c)?
4
Suppose 2*u - 17 = -11. Let g(k) = -8*k**3 + 9*k**3 - 613 + 610 - u*k - 4*k**2. Let z be (18/(-8) - -1)*-4. What is g(z)?
7
Let q(a) = a**2 - a. Let g(i) = i**3 + i**2 - i + 9. Let m(l) = g(l) + 5*q(l). Let y be (6*(-30)/48)/((-9)/(-168)). Let w be 20/y - (-94)/(-14). What is m(w)?
2
Let a(v) = -144*v + 6*v**2 + 39*v + 4 + 4*v**2 + 46*v + 2*v**3 + 46*v. Determine a(-6).
10
Let r(h) = -60*h - 364. Let x(o) = 185*o - 1486. Let t be x(8). Calculate r(t).
-4
Let q(g) be the first derivative of g**3/3 + g**2/2 - 2*g - 16. Let f be q(-2). Let m(z) = -27 - z + 2*z + 46 - 32. Calculate m(f).
-13
Let a be 2/4 + (-27)/6. Let i(z) = z**2 + 8*z - 12. Let f(m) = -2*m + 3. Let h(j) = 7*f(j) + 2*i(j). What is h(a)?
21
Let g(d) = -5*d**3 + 2*d**2 - 2*d - 7. Suppose -166*v + 58*v = -324. Give g(v).
-130
Suppose -5*j = 0, 2*h + 2*j = -3*j - 14. Let y = h - -9. Let l = 4 - y. Let q(t) = -t**2. Determine q(l).
-4
Let i(h) = -2451*h. Let a(b) = 49*b. Let x(f) = 301*a(f) + 6*i(f). What is x(1)?
43
Let r(o) = -o**2 - 46*o - 499. Let i be r(-17). Let s(v) = -2*v**2 - 10*v + 4. What is s(i)?
-8
Let l(h) = -8*h - 3*h - 42 - 5*h + 4*h + 2*h. Give l(-6).
18
Let f(o) = 19*o. Let v be 60/16*(2 + -6). Let p(l) = -l**2 - 14*l + 14. Let u be p(v). Calculate f(u).
-19
Suppose -3*z + 3*z - 5*z = 0. Suppose 2*y = -2*p + 14, z = 4*y - 9*y. Let d(o) = o**2 - 8*o + 9. What is d(p)?
2
Suppose -37*h = -30*h - 10108. Suppose 30 = h*w - 1449*w. Let s(o) = -o**2 - 6*o - 9. Determine s(w).
-9
Let h(q) = q**2 - 9*q + 3. Let f(d) = -2*d - 16. Let k be f(-9). Suppose -2*w + m + 27 = -0*w, k*m = 3*w - 43. Let x = -4 + w. Calculate h(x).
-11
Let h(f) = -224*f**2 - 24 - f + 26 + 113*f**2 + 112*f**2. Determine h(2).
4
Suppose 0 = -3*f + 4826 - 4829. Let b(n) = -3*n**2 - 2*n - 4. What is b(f)?
-5
Let k(b) be the second derivative of -b**4/12 + b**3 - b**2/2 - 26*b. Let x(s) = s**2 + 2*s + 4. Let r be x(-2). What is k(r)?
7
Let i(x) = -25 - 3*x - 5*x - 9*x + 7*x + 106*x**2 - 107*x**2. What is i(-7)?
-4
Let n(p) be the second derivative of p**4/12 + p**3/2 - p. Let g(i) = -7 + 4*i + 21 - i + 5*i. Let t be g(-2). Calculate n(t).
-2
Let o be ((-2)/2*3)/((-450)/4650). Let v(x) = -x**3 + 31*x**2 - 3*x + 96. What is v(o)?
3
Suppose y + 12 = -2*c + 17, -4*c + 13 = 5*y. Let a(n) = -16*n + 9. Calculate a(c).
-23
Let c(l) be the third derivative of l**6/120 + l**5/4 + 7*l**4/12 - 3*l**3 - 1969*l**2. What is c(-14)?
-18
Let x(w) = -4*w - 3. Let p be x(-8). Suppose 3*v + 2*r = 4*v + 8, -5*r + p = 2*v. Let i(f) = 14 - 34 - f**v + 10 + 3*f + 15. What is i(4)?
1
Let g be -15 + (18 - 48/(-4)). Let m(f) = f**3 - 15*f**2 - 3*f + 11. Give m(g).
-34
Suppose 882 = -12*j - 37*j. Let r(y) = y + 52. Give r(j).
34
Let i be -3*(-9)/((-54)/220). Let k = i + 109. Let d(o) be the first derivative of -o**3/3 + o**2 + o + 12. Determine d(k).
-2
Let s(x) = 17*x - 41*x**3 - 10*x**3 - 12*x**2 + 6 + 22 - 2 + 50*x**3. Give s(-13).
-26
Let n(d) = 11*d + 552. Let g(v) = -21*v - 1052. Let y(i) = 6*g(i) + 13*n(i). What is y(-51)?
-3
Let c(v) = -v**3 + 11*v**2 + 11*v - 2. Let p = -170 - -174. Suppose 3*y + 42 = 3*t, p*t = -t - 2*y + 56. What is c(t)?
-14
Let b be 10*56/(-70) - (-772)/96. Let f(y) be the third derivative of -b*y**4 + 1/120*y**6 - 1/15*y**5 - 1/3*y**3 + 0 + 0*y - 22*y**2. Give f(3).
-14
Let g(m) = m**3 + m**2 - 4. Let i be g(-2). Suppose 2 = 2*a - a. Let v(l) = 2*l**3 - l**3 + 7*l**a + 0 - 5 - 10*l + 3. Give v(i).
14
Let h be -2*-2*(-1)/(-4). Let j(a) be the first derivative of -a**2 + 13/3*a**3 + a - 146. Give j(h).
12
Suppose -2*p + 24 = 4*g, 5*p + 345*g = 342*g + 32. Let a(v) = -3*v**2 + 8*v - 3. What is a(p)?
-19
Let w = 3378 - 3406. Let y(c) = -c**3 - 29*c**2 - 31*c - 88. Calculate y(w).
-4
Let s(x) = -x**2 + 11*x - 11. Let j be 2401/392 + -6 - (-1 - (-47)/(-8)). What is s(j)?
17
Let z(q) = 2*q - 51. Let g be z(26). Let s(c) = -g + 3*c - 42*c**2 + 52*c**2 - 11*c**2. Let d be (1/(-3) + 1)*6. Calculate s(d).
-5
Let m(b) be the first derivative of b**2 - 9*b + 155. Let u be 6/21 + 2/(-7). Let d = u - -6. Determine m(d).
3
Let u = -348 - -360. Suppose 140*r - 138*r = -u. Let j(i) = -4*i - 22. What is j(r)?
2
Suppose 2*u = 5 + 431. Suppose -5*b + u = -2*a, -144 = -3*b + 3*a - 6. Suppose -b*x = -41*x + 7. Let m(d) = d**2 + 8*d + 7. Determine m(x).
0
Let r(s) = -s**2 - 10*s - 7. Let o be r(-9). Let k be o + (-90)/(-21) + 12/(-42). Let c be 6*8/(-6) + (k - 3). Let u(t) = t**3 + 5*t**2 - t + 5. Calculate u(c).
10
Let j(